f -12 + -8 + 6 + 2 + 1?
-11
Evaluate -9 - (-9 + 9 - -4).
-13
What is the value of -11 + 2 - (-7 - -4) - (2 - 1)?
-7
Evaluate 5 + -7 - (3 + -2 - 6 - 4).
7
What is -3 - (10 + 0 - (65 - 59) - 9)?
2
Evaluate -6 + 1 + (18 + -13 - 4) + -3.
-7
What is (4 + -13 + 3 - (-8 + -2)) + -13?
-9
What is the value of -4 + -8 + 6 + (4 - (-8 - -12))?
-6
Calculate -8 + 8 - 4 - -4.
0
What is 12 + (-27 - -14) - 13?
-14
15 + (6 - -12 - 13)
20
Calculate -44 + 30 + (45 - 25).
6
What is the value of (-10 - -3) + -2 + (12 - 10)?
-7
-4 - (-11 + 4 + (-3 - 8) + -5)
19
Calculate 7 + (14 + -11 + 0 - 3).
7
13 - ((0 - -2 - (0 - 0)) + 1)
10
What is the value of 5 - ((13 - 2) + -77 + 73)?
-2
7 + 0 - (13 + (-14 - (9 + 5)))
22
Evaluate 31 + -24 + 0 + -12 + -1 + 0.
-6
Calculate 37 - (16 + 2 + 4).
15
(17 - 20 - (4 + -10)) + 13
16
2 - ((34 - 33) + 1 + -8 - 1)
9
What is -35 - (17 + -6 - 26)?
-20
Evaluate 9 + (-8 - (-13 + (3 - 6))) + -1.
16
-3 - (-16 + (-2 - -11)) - 0
4
Calculate (3 - -10) + (16 - (20 + 5)).
4
Calculate (-15 - 1) + -48 + (17 - -58).
11
What is the value of 2 - (10 + 1 - (37 - 10))?
18
What is the value of (8 - 30) + (-15 - -35)?
-2
What is the value of 12 + -14 + 12 - -20?
30
What is the value of (23 - (38 - 9)) + -29?
-35
What is 22 - 28 - (-10 - -1) - (0 - 0)?
3
Calculate (-5 - -6) + -25 - -14.
-10
Evaluate -23 + 3 + (-1 - -17 - (-17 - -27)).
-14
What is (0 - (10 - 4)) + (-3 - -6) - -4?
1
What is -6 + (-3 - -2 - -4 - -2 - 11)?
-12
233 + -235 - (-6 + 1)
3
What is the value of -81 + 107 + (0 - 27)?
-1
9 + (31 - 4 - 23)
13
7 + (5 + -9 - 6) - 6
-9
9 - ((-13 - 33) + 45 + (2 - 1))
9
What is the value of -13 - -4 - (11 + (-2 - 3))?
-15
What is the value of (-1 - 4) + 8 + -5 + -7?
-9
-5 - (1 + -5 + 5 + 3) - -5
-4
What is 16 - (-18 - (-58 - 7) - 18)?
-13
Calculate 6 + -3 + -21 + 18.
0
What is -10 + (6 - (9 - 4))?
-9
Calculate 47 - (22 + (15 - 18)).
28
Calculate (-7 - -14) + (9 - (10 + 0)).
6
What is the value of (-2 - 0) + (-98 - -99 - (1 - 2))?
0
What is the value of -13 + 18 + -7 + 1 + (13 - 8)?
4
-2 - ((-415 - -419) + (0 - 7))
1
Calculate (0 - -8) + 0 + (67 - 47) + -34.
-6
What is 20 + -14 + 12 + -33 + -1?
-16
57 + -45 - (2 + 7) - (1 - 8)
10
Calculate 9 + -2 + (-6 - -1) + 927 + -927.
2
What is the value of 38 + (-33 + 9 - 12)?
2
Evaluate -9 - -22 - (-11 - -31).
-7
(4 - 1) + (-37 - (37 + -91))
20
-5 + -5 + 8 - (-2 + (-4 - 0))
4
What is the value of -5 + (0 + -3 - (4 + -4 + 5))?
-13
-11 + 1 + 11 + (-9 - -2) - -22
16
What is (-1 - -47) + -65 - (2 - (10 - -2))?
-9
Calculate 11 - 2 - ((13 - 25) + 15 - -18).
-12
Calculate -3 - -9 - -5 - (-2 - -1).
12
Evaluate -4 + (0 - 2) + 17 + 6.
17
Evaluate -81 - -66 - (-18 + 15).
-12
Evaluate 2 + 2 - 0 - (7 + 8).
-11
What is 1 + 3 - (2 + (5 + -7 - 3))?
7
What is (13 - (2 - -10) - -16) + -18?
-1
Calculate 1 + 12 + -2 - (-31 + 105 + -71).
8
What is (-2 - (-2 - -3)) + (-40 - -40)?
-3
Evaluate -34 + 50 - (-4 - -1).
19
What is the value of 7 - (-69 + 73 - (1 + -3 + -1))?
0
Evaluate (-6 - 2) + 2 - -7.
1
Calculate 5 + 4 - (1 - (-11 + -16)).
-19
What is -33 + -16 + 48 + 12?
11
Calculate (24 - (77 + -45)) + -1 + 6.
-3
What is the value of (12 - 35) + (-1 + 3 - -3)?
-18
What is -6 - (-9 + (5 - 2)) - -16 - -5?
21
Evaluate 0 + -22 + -9 + 11 + -4.
-24
-5 - 64 - (-54 + 19)
-34
Evaluate (-113 - -122) + (0 - 14) + 16.
11
(11 - 10 - 6) + 9
4
What is the value of (-25 - -13 - -21) + 3?
12
Evaluate -2 - (-5 - -2 - 0) - -3.
4
Evaluate 19 + (-10 - -4) - 22.
-9
Calculate (0 - (39 + -28)) + (-5 - (0 + -22)).
6
What is the value of -7 + 5 - (-16 + (8 - -2))?
4
What is the value of 17 - (-5 + (5 - (-5 - -2))) - -7?
21
9 - (-29 - (11 + -14)) - 13
22
What is the value of (-31 + 80 - 67) + 2 + 10?
-6
What is the value of -2 + (10 - -4) + -4?
8
What is 22 + -3 - (14 - 2)?
7
What is the value of -8 + 10 - (-22 - -22)?
2
Evaluate -10 + 11 + -17 + -1 - -7.
-10
What is the value of 5 - (3 - (-16 + 19))?
5
Evaluate 0 + (0 + 0 - (10 + -14) - 4).
0
-4 - -6 - (-2 + 1 + 9)
-6
-31 - (-63 + 16) - (0 + -4 - 0)
20
Evaluate -20 - -43 - (-3 - (-2 + -12 - -2)).
14
What is 4 + -3 - (1 - 5 - (-5 - -3))?
3
What is -4 + 26 + (-54 - -20)?
-12
What is the value of 4 + -3 + (41 - 36 - (-4 + -2))?
12
What is 27 - (-1 - (4 - 13))?
19
1 - (-4 + 0 + 5) - -5 - 5
0
What is the value of (22 + -35 - -1 - (0 - 10)) + 31?
29
What is the value of (0 - -4) + 3 + -36 + 16?
-13
What is 8 + -13 + 67 + -41 + (0 - 9)?
12
What is the value of -14 + 14 + -3 + -2?
-5
Evaluate 14 + (-94 - -99) + -11 + 2.
10
What is -1 + -10 + 6 + 4 + -5?
-6
What is the value of (-3 - -11 - 20) + 16?
4
What is 15 + -41 + (1 - 13) + 18?
-20
Calculate 34 + 0 - (22 - (11 + 8)).
31
What is the value of -5 + 23 - (3 + -1 - 6)?
22
1 + -5 + (-1 + 11 - (-215 - -253))
-32
Evaluate -4 + (-10 - -26) + 0.
12
Calculate -5 - -14 - -1 - 5.
5
Evaluate 0 + -13 + -12 + 16 - -6.
-3
What is -10 - (1 - 6 - 1) - (-13 + 11)?
-2
What is the value of -45 + (0 - -31) + (1 - -2) - 6?
-17
What is -17 + 4 + (0 - -7)?
-6
What is the value of (0 - (-2 - 1 - (37 + -39))) + -6?
-5
Calculate (9 - (2 + (-14 - -11))) + 2.
12
What is 8 + -38 + 28 - (0 + -6 - -2)?
2
12 - (2 - 3) - 6 - (1 - 3)
9
Evaluate (2 - 13) + 1 - -22.
12
Calculate 18 + (18 - 32) + -8 + 0.
-4
What is the value of (10 - 18) + (-2 - (5 + 2))?
-17
What is the value of -32 + 25 + -3 + 11?
1
Evaluate 25 - 62 - (-46 - 0).
9
Calculate -17 - (19 - (37 - (-8 - -8))).
1
Evaluate (-4 - -3) + 2 - (43 - 47).
5
Calculate -5 + 16 + -12 + 2.
1
(-77 - -69) + -6 + -3
-17
Evaluate 7 + (-3 - 1 - (-6 + 4)) + 10.
15
What is the value of 8 - (-21 + (51 - 38) - (-1 + -1))?
14
What is (-12 - (-12 - (-6 + -9))) + -5?
-20
2 + 2 + 6 - 5 - (-3 + 16)
-8
What is the value of (6 - -2) + 9 + (0 + -1 - 5)?
11
What is -13 - (-4 - (1 - -3)) - (-4 - 5)?
4
What is 4 + 4 + (-45 - -41) + (21 - 1)?
24
What is -1 + (16 - 0) - (-22 + 18)?
19
Calculate (8 - (-9 + 9) - -5) + 0.
13
What is the value of 1 - -5 - -2 - (23 - 8)?
-7
Calculate 10 - 38 - 4 - (-21 - -11).
-22
-2 + (5 - (-3 + 20))
-14
11 + -3 + -16 - (3 - 7)
-4
Calculate (-17 - -24) + (4 - 3).
8
What is 3 - ((12 - (11 + -9)) + -11)?
4
-1 - 3 - 0 - 3 - -5 - 8
-10
Calculate -3 - ((1 + -8 - -14) + -8).
-2
(-2 - 2) + (10 - (-11 + 5))
12
What is the value of 1 + (3 - -2) + (-73 - -71)?
4
-19 + 32 + -3 + (-1 - 0)
9
-34 + 13 + 6 - (3 - 12)
-6
What is (7 - ((5 - -2) + 4)) + -1?
-5
Calculate -9 + 8 + -2 + -1 + 0.
-4
Calculate -4 - (-7 + (1 - 6) + 2) - 12.
-6
Calculate 37 + 12 - 44 - (-1 - -1 - -4).
1
Evaluate -1014 + 1017 - (1 - 29).
31
3 - (-139 + 146 - (-1 - -5 - -2))
2
Calculate 12 - (3 + (-1 - 5 - (-2 + 4))).
17
Calculate -6 + -14 + 4 + 7 + (-2 - -1).
-10
What is the value of -8 + -8 + 2 + 3 + 4 + 11?
4
What is the value of (20 - 19) + (7 - -4)?
12
What is the value of 3 + 1 + -5 + 4 + 5?
8
Evaluate 12 + (5 - (10 - -24)).
-17
Calculate -4 + 7 + -7 - -7.
3
Calculate 32 + -28 + (41 - 24).
21
Evaluate -2 + 4 + 4 + -53 + 9 + 45.
7
What is the value of 18 + (-15 - -9 - 10)?
2
What is 5 - 2 - (-17 + 24 + -11)?
7
Calculate 9 + -1 + -11 + (-97 - -85).
-15
-11 - 2 - (134 - 137)
-10
What is -2 - ((0 - -4 - 8) + -1) - -2?
5
What is the value of 21 - (9 + 2) - (-7 + -5)?
22
Evaluate -1 + 23 + -2 + 988 + -987.
21
10 - 1 - (17 - (2 - (-19 + 14)))
-1
Evaluate -5 + (18 - (0 + 11)).
2
What is (-8 - 10 - -10 - -6) + -6?
-8
Calculate -9 + 9 + (6 - 12) + 3 + -2.
-5
What is the value of 0 + (10 - 0) - (96 + -85)?
-1
Evaluate (-15 - (-10 - -8)) + 61 + -19.
29
0 + (20 - 40) - (3 + 1)
-24
-4 + -2 + 13 + (2 - (0 + 2))
7
1 - 2 - -8 - 17
-10
What is the value of (0 - (-1 + 4)) + -20 + (-11 - -31)?
-3
Calculate 79 + -72 + (3 - (-2 - (-2 - 6))).
4
What is 13 - (39 + -41 + 37)?
-22
What is the value of (0 - 11) + 37 + -17?
9
Evaluate -20 + -5 + 34 - -22.
31
-2 + (1 + -12 - -2) - (-1206 + 1203)
-8
Calculate ((13 - 9) + -13 - -19) + 6 + -2.
14
What is (-4 - 34) + (27 - 25)?
-36
Evaluate (22 - -3) + (11 - 12 - 6) + -6.
12
Evaluate -339 - -327 - (18 - -1).
-31
Calculate 2 - 20 - (12 - 24).
-6
(-8 - (3 + -2 + -11)) + -4 + 10
8
Calculate 1 + 1 - (-10 + 5 - (-1 - 5)).
1
Calculate -10 + 18 + (25 + -31 - (0 + 1)).
1
What is the value of 38 + -41 + (-8 - 2)?
-13
11 + -21 + 36 + -2
24
What is 2 + 16 + -3 - 19?
-4
What is 2 - (-2 + 4 - ((-22 - -10) + 11))?
-1
Calculate -265 + 236 - (2 + -5).
-26
Evaluate (11 - 1) + 21 + -6 +